d 110516?
28
Calculate the greatest common divisor of 2076960 and 336.
48
Calculate the greatest common factor of 432482 and 126319.
2141
Calculate the highest common divisor of 42176 and 1968256.
64
Calculate the highest common divisor of 4651462 and 699584.
1286
Calculate the greatest common divisor of 402903234 and 54.
54
Calculate the highest common divisor of 47072 and 163281.
1471
Calculate the greatest common divisor of 416180355 and 15.
15
What is the highest common factor of 62 and 32396209?
31
What is the greatest common divisor of 5904325 and 450?
25
What is the greatest common factor of 371839 and 10530?
13
What is the greatest common factor of 1476625 and 1625?
125
Calculate the highest common factor of 26350778 and 92.
46
Calculate the highest common factor of 2260268960 and 480.
160
What is the greatest common divisor of 27 and 1685644335?
9
What is the highest common factor of 123816407 and 43472?
2717
Calculate the greatest common factor of 52250 and 3135950.
950
Calculate the greatest common factor of 42328572 and 3315.
663
Calculate the greatest common factor of 1685196 and 594.
18
Calculate the greatest common divisor of 13388290 and 930490.
7690
What is the highest common factor of 17958 and 175398?
246
What is the highest common factor of 489028 and 937244?
716
What is the highest common factor of 144522 and 10735424?
434
Calculate the greatest common divisor of 25900 and 25599700.
700
What is the greatest common factor of 21340 and 125840?
220
What is the greatest common divisor of 803 and 2700781?
73
Calculate the greatest common divisor of 5920 and 1560253.
37
Calculate the greatest common factor of 14925415 and 10.
5
Calculate the greatest common factor of 980 and 163780.
20
What is the highest common factor of 2051446 and 365?
73
What is the highest common factor of 1054956 and 4326?
42
Calculate the greatest common divisor of 115 and 8174315.
115
Calculate the highest common factor of 723057 and 957.
87
What is the greatest common factor of 13672960 and 16350?
1090
What is the greatest common divisor of 496 and 379461328?
496
Calculate the greatest common divisor of 38522 and 1058222.
2266
What is the greatest common factor of 40368 and 1114528?
464
What is the highest common divisor of 800 and 929800?
200
Calculate the greatest common factor of 3115 and 978635.
35
Calculate the greatest common factor of 4657217 and 635.
127
Calculate the greatest common divisor of 1773 and 385506.
9
What is the greatest common divisor of 6583 and 6628994?
29
What is the greatest common factor of 1676672 and 3104?
32
What is the highest common factor of 16632 and 705089?
77
Calculate the highest common factor of 222 and 33740004.
222
What is the highest common divisor of 950497338 and 5268?
2634
What is the greatest common factor of 335961 and 48390827?
12443
Calculate the greatest common factor of 1065440 and 57130.
10
Calculate the greatest common factor of 53063 and 6884642.
1129
What is the highest common divisor of 3944402 and 396?
22
Calculate the greatest common divisor of 243532 and 240118.
1138
What is the greatest common factor of 82200007 and 29?
29
Calculate the highest common divisor of 17301558 and 66.
6
Calculate the highest common divisor of 172980 and 6732.
36
Calculate the greatest common factor of 348705 and 13440210.
4305
What is the greatest common divisor of 342 and 129423041?
19
What is the greatest common divisor of 54383 and 5543867?
3199
Calculate the highest common divisor of 190 and 40244470.
190
Calculate the greatest common factor of 2300 and 615250.
1150
Calculate the highest common factor of 5196 and 535581597.
1299
What is the greatest common factor of 457841 and 22049?
1297
Calculate the highest common divisor of 28488278 and 14.
14
Calculate the highest common factor of 1105 and 4215445.
65
What is the greatest common factor of 74973890 and 5102?
5102
What is the greatest common factor of 406436512 and 224?
32
Calculate the greatest common divisor of 180 and 31836750.
30
Calculate the greatest common divisor of 2227 and 4097.
17
Calculate the highest common divisor of 480 and 156899856.
48
Calculate the greatest common factor of 283 and 443964740.
283
Calculate the greatest common factor of 1185 and 878759660.
395
What is the highest common factor of 655 and 44967191?
131
What is the highest common divisor of 920554 and 55375?
443
What is the highest common factor of 319 and 119713?
11
Calculate the highest common factor of 770 and 13945390.
10
What is the greatest common factor of 222019 and 9114?
49
Calculate the greatest common divisor of 37476 and 25686.
18
What is the highest common divisor of 14123 and 407102?
29
Calculate the highest common factor of 169032080 and 1008.
112
Calculate the highest common factor of 10693 and 83583.
37
Calculate the greatest common factor of 1404953 and 533632.
4169
Calculate the highest common factor of 152875254 and 29146.
2242
Calculate the greatest common factor of 2474481 and 8979.
219
Calculate the greatest common factor of 17 and 11957987.
17
What is the highest common factor of 991450 and 317185?
395
What is the highest common factor of 177553106 and 43?
43
What is the highest common factor of 621096 and 52?
4
Calculate the highest common factor of 1035 and 15315769.
23
What is the highest common divisor of 1614 and 4881696330?
1614
What is the greatest common factor of 92665077 and 262?
131
Calculate the highest common divisor of 819 and 1099674849.
273
Calculate the greatest common factor of 54304804 and 16852.
1532
Calculate the greatest common divisor of 188 and 34436.
4
What is the highest common divisor of 177 and 37218970?
59
What is the greatest common divisor of 2188860 and 88815?
2865
Calculate the highest common factor of 826206 and 552.
138
Calculate the greatest common factor of 6 and 11161412.
2
What is the greatest common divisor of 1005974 and 515648?
2302
Calculate the greatest common factor of 214490 and 762730.
890
Calculate the greatest common divisor of 1998511 and 10449.
43
Calculate the greatest common factor of 3143880 and 50840.
1640
Calculate the greatest common factor of 2349 and 8550882.
261
What is the highest common divisor of 9000402 and 14?
2
Calculate the highest common factor of 10183905 and 10.
5
Calculate the highest common factor of 23310 and 2615410.
70
What is the highest common divisor of 45368 and 320144?
856
Calculate the greatest common factor of 131445408 and 192.
96
What is the highest common divisor of 310517 and 54929?
1121
Calculate the highest common divisor of 22088 and 8888.
88
Calculate the greatest common divisor of 3 and 7405887.
3
What is the greatest common factor of 45453997 and 1507?
137
Calculate the highest common factor of 1877486 and 35802.
26
What is the greatest common factor of 1870380 and 630?
90
What is the highest common divisor of 2336927 and 30353?
127
Calculate the greatest common divisor of 44228301 and 26.
13
What is the highest common divisor of 10684201 and 33?
11
What is the highest common divisor of 207200 and 3745?
35
Calculate the highest common divisor of 26007552 and 2988.
2988
What is the highest common factor of 214752 and 5892?
12
Calculate the highest common divisor of 40 and 62127390.
10
Calculate the highest common divisor of 5136383 and 1123927.
3661
What is the highest common factor of 17085 and 278035?
85
What is the greatest common factor of 1861282 and 41374?
274
What is the highest common divisor of 10108 and 80836?
28
What is the highest common factor of 73926300 and 6909?
6909
Calculate the highest common divisor of 7694112 and 192.
96
What is the greatest common factor of 4765 and 24301500?
4765
Calculate the greatest common divisor of 663 and 2353.
13
What is the greatest common divisor of 246000 and 176520?
120
Calculate the highest common divisor of 77 and 258548147.
11
What is the highest common divisor of 270 and 327330?
90
Calculate the greatest common divisor of 9405 and 236614752.
1881
Calculate the greatest common divisor of 6144 and 1870.
2
Calculate the highest common divisor of 592 and 42641094.
74
Calculate the greatest common factor of 16 and 132637.
1
What is the highest common factor of 141 and 17661?
3
What is the greatest common factor o